19).
2, 19
Let n(y) = 5*y**2 - 43*y - 527. What are the prime factors of n(-23)?
13, 239
Suppose -4*c + 5 = -x, -c + 0*c + 14 = 4*x. Let p be -9*1*2/c. What are the prime factors of (-1)/((-47)/62 + p/(-12))?
2, 31
Suppose 0 = -2*t - j - 32, 2*t + 23*j - 19*j + 32 = 0. List the prime factors of (-10)/((-60)/1629)*t/(-3).
2, 181
Suppose -947*z = -943*z. Suppose 0 = -z*y - 3*y + q + 4486, 2968 = 2*y + 5*q. List the prime factors of y.
2, 3, 83
Let y(a) = -9*a**2 + 7*a - 1. Let n(q) = q**2 - q. Let p(z) = -24*n(z) - 3*y(z). Let t be p(-1). List the prime factors of 408/30 - t - (-4)/10.
11
Let z(k) = 17*k**2 - k - 4. Let v be z(3). Let b = -218 + 426. Let a = b - v. List the prime factors of a.
2, 31
What are the prime factors of -5*(-9482)/(-330)*(-1 + -56)?
19, 431
Suppose h = -4*f + 26, -2*h - f + 7 = -2*f. What are the prime factors of (h + -16)/((-3)/(-144)*-2)?
2, 3, 5
Let w = 1143 + 1807. List the prime factors of w.
2, 5, 59
Let w = -54 - -70. Suppose 5*s = 13*s - w. Suppose -s*a + 9*a = 1029. What are the prime factors of a?
3, 7
Let v be 19/2 + (-85)/(-34). Suppose v*q - 4409 = 3619. What are the prime factors of q?
3, 223
Let h be 6 - (3/(-6) + (-3)/(-2)). Suppose 5 = 4*g + 3*b - 14, h = 2*g - 3*b. Suppose -8*s + g*s + 132 = 0. List the prime factors of s.
3, 11
Suppose 6*i = 10*i + 5*c + 8, 4*c = 0. What are the prime factors of ((-13)/i - 5)*336?
2, 3, 7
Suppose 5*p = -3*z + 50, -4*z = 2*p - 31 - 3. Suppose -l = -4*t + 1585, -p + 2 = 5*l. What are the prime factors of t?
2, 3, 11
Let p be 6/(30/(-12425)) + 4. Let g be (5 - 16/3)*p. Suppose 7*f - g = -232. What are the prime factors of f?
5, 17
Suppose 0 = 31*s + 36 - 5. Let f(k) = k**3 - 4*k**2 + 4*k - 3. Let d be f(3). What are the prime factors of 135 - s*(d - 4)?
131
Suppose -x + 4*o + 9 = -113, 3*x = 3*o + 402. Let l = 74 - 76. Let r = l + x. List the prime factors of r.
2, 17
Let u be (-860)/(-7) + 4/28. Let n be (-165)/(-66) + (-87)/6. What are the prime factors of (n/8)/(3/(-8)) + u?
127
Let w(c) = -c**3 + 6*c**2 + 4*c - 2. Suppose -40 = -5*x - b, -2*b - 41 = -4*x - b. Let a be (-30)/(-9)*x/6. List the prime factors of w(a).
43
Let l(m) = 4*m**2 + 4*m - 6. Let v be l(2). Suppose -d = -k, -3*d + v = 2*d + 4*k. Suppose d*i - 144 = 188. What are the prime factors of i?
2, 83
Suppose 4*o - j = 76, 5*o - 40 = -j + 55. What are the prime factors of (1191/6)/(o/38)?
397
Suppose -144*v + 143*v - 168 = 0. Let f = v - -270. List the prime factors of f.
2, 3, 17
Suppose 5*g - 390 - 4680 = 0. Suppose g = x - 7*x. Let q = 253 + x. What are the prime factors of q?
2, 3, 7
Let c be -6 - -1 - (-1 + 950). Let d = -644 - c. What are the prime factors of d?
2, 5, 31
Suppose 5*p + 98 = 3*g, 2*p - 3*g + 79 = -2*p. Let w = p - -19. Suppose 4*x - 127 = -3*h - w*x, -h + 53 = 4*x. List the prime factors of h.
37
Let q = -736 - -476. Let p be -2 + 6/((-24)/q). Suppose -3*m + p = -291. What are the prime factors of m?
2, 59
What are the prime factors of (-1459)/(12/(-126) - (2189/(-714) + 3))?
2, 17, 1459
Let s(a) = a**2 - 28*a - 77. Let k be s(-36). Let z = k - 1171. List the prime factors of z.
2, 3, 11
List the prime factors of (2203/(-2) + (-12)/((-8)/2))*-2.
13
Suppose -4*i = -43 + 35. Suppose 0 = 5*s - 3*u - 80, -3*u - 13 = -i*s + 2*u. Let a = 2 + s. List the prime factors of a.
3, 7
Let k(i) = -i**3 + 24*i**2 + 48*i + 73. Let m(r) = 3*r - 56. Let u be m(27). What are the prime factors of k(u)?
2, 3
Suppose 182 = -8*d + 3190. Suppose -d = z - 142. Let g = z - -398. List the prime factors of g.
2, 41
Suppose 0 = -d + k + 92 + 623, -4*d = 2*k - 2842. Let j = d - 507. Suppose 4*r + j - 695 = 2*t, 0 = 3*r + 4*t - 351. List the prime factors of r.
11
Suppose -13*d = -3684 + 1695. Suppose 3 = -3*u + 21. Suppose -5*f = 3*i - 182, -u*i + 3*f = -4*i - d. What are the prime factors of i?
3, 23
Let l(g) = 2*g**2 + 86*g + 63. List the prime factors of l(39).
3, 2153
List the prime factors of 9313 + (4284/(-18))/(-17).
3, 3109
Let w be 1/(15/(-190)*(-2)/3). Suppose w*a - 18 = 22*a. Let h = a - -137. List the prime factors of h.
131
Suppose -3*s + 7 - 2 = 2*m, 5*m = -4*s + 23. Let i be ((-216)/28)/((-1)/m). Suppose 3*h - 195 - i = 0. List the prime factors of h.
83
Let r = -59 - -64. Suppose -4*p - 482 = i - 3*i, 3*p - 1257 = -r*i. Suppose 4*j - 55 = i. What are the prime factors of j?
2, 19
Let z(f) = -370*f + 2. Let g be z(2). Let x = g - -1277. What are the prime factors of x?
7, 11
Suppose -84*s = 189*s - 151*s - 1167296. What are the prime factors of s?
2, 13, 23
What are the prime factors of -1 - (-26)/18 - (782019/(-81) + -2)?
3, 29, 37
Let g = -3205 - -43370. List the prime factors of g.
5, 29, 277
Suppose -23*a = 10*a - 198066. What are the prime factors of a?
2, 3001
Let n(y) = -y**3 + 79*y**2 - 46*y + 1796. List the prime factors of n(58).
2, 17443
Let d(v) = 31*v - 20. Let k be d(1). Let q = 1266 - k. What are the prime factors of q?
5, 251
What are the prime factors of 40/16 - 872667/(-18)?
2, 17, 23, 31
Let r = 66 - 57. Suppose 0 = -q - 11 + r. What are the prime factors of (72 - (0 - q)) + (5 - 4)?
71
Let j(v) = -v + 24*v**2 - 14*v + 7 - 4*v. List the prime factors of j(-4).
467
Let l = 42 + -41. Suppose -2*a + 29 = l. What are the prime factors of (-6)/a - (-505)/35?
2, 7
Let s = -245 - -243. List the prime factors of 249*3/(5 + s).
3, 83
Let r be (942 - 20) + (-3 - -2)*-3. Suppose 0 = -3*z - 4*g + 557, -5*z + 7*g = 12*g - r. What are the prime factors of z?
3, 61
Suppose -177*z + 21 = -180*z. Let i(s) = 11*s**2 + 7*s - 5. What are the prime factors of i(z)?
5, 97
Suppose 0 = -2*h - 8*h - 40. Let k(x) = 52*x**2 + x - 11. List the prime factors of k(h).
19, 43
Suppose -10*m - 13*m + 14*m + 47952 = 0. What are the prime factors of m?
2, 3, 37
Let z be -1*(-6 + 9 - 988). Let q = z - 503. What are the prime factors of q?
2, 241
What are the prime factors of ((810/36)/(-9))/(1/(-2892))?
2, 3, 5, 241
Let o = -340 - -214. Let l be (-15778)/o + 2/(-9). Let h = l - 34. List the prime factors of h.
7, 13
Let c(j) = 2*j**2 - 7*j - 2. Let r be c(5). Suppose 3*w - 25 = -r. Suppose b + 9*z = 14*z + 38, 5*z - 27 = -w*b. List the prime factors of b.
13
Let w(h) be the second derivative of -9*h**4/8 - 17*h**3/6 - 21*h**2/2 - 3*h. Let y(a) be the first derivative of w(a). List the prime factors of y(-5).
2, 59
Let h(x) = -9*x - 40. Let y(p) = -7*p - 35. Let b(q) = 5*h(q) - 6*y(q). Suppose 3*l = -58 + 19. List the prime factors of b(l).
7
Suppose 0 = 5*b - c + 1195, -2*b - 466 = -0*c + 2*c. What are the prime factors of 102/b - (1 + (-1333)/7)?
3, 7
Let n(m) = m. Let c be n(4). Let i be 16/c - 0 - (-1)/1. Suppose b = 4, -3*o - 232 = -i*o - 4*b. List the prime factors of o.
2, 3
Let a be (10/(-20))/((-2)/(-4)). Let y(r) = 3*r + 10. Let z be y(a). Suppose 0 = -3*o + z*o - 816. List the prime factors of o.
2, 3, 17
Suppose d + 41880 = 10*d - d. List the prime factors of d.
3, 5, 349
Suppose -629*l = 2*y - 631*l - 8020, 3*l = -4*y + 15998. What are the prime factors of y?
2, 7, 11, 13
Let h be -9 + 8 + (-12)/(-2). List the prime factors of (-2449)/(-10) + h/50.
5, 7
Suppose 0 = -g + 2*l - 175, 3*l - 369 + 1047 = -4*g. Let t = 885 + g. List the prime factors of t.
2, 3, 7, 17
Let s(y) = 13*y**3 + 7*y**2 + 9*y + 113. What are the prime factors of s(8)?
37, 197
Let z = 860 - 962. Suppose -4*d - 39 - 929 = 0. Let x = z - d. What are the prime factors of x?
2, 5, 7
Let u = -25 + 17. Let c(z) = 2*z**2 + 14*z + 5. List the prime factors of c(u).
3, 7
Suppose 20*a = -10*a + 150600. Suppose 13*k - a = 3*k. List the prime factors of k.
2, 251
Suppose -m = -13*f + 17*f - 8075, 0 = -9*m + 5*f + 72593. What are the prime factors of m?
3, 2689
Suppose 11*o - 28 = 16. Let n be 0 + o + -2*(-16)/(-2). Let w(u) = -u**3 - 11*u**2 + 9*u + 14. List the prime factors of w(n).
2, 5
Let s(x) = 3*x**3 - 17*x**2 - 6*x - 6. Let m be ((-4)/(-8))/((-4)/(-48)). Let l be s(m). List the prime factors of 3 - (-14)/(-4) - 897/l.
149
List the prime factors of 6*9/(-162) - (-186648)/18.
10369
Suppose 41*h = 28*h + 4264. Let w = 562 - h. List the prime factors of w.
2, 3, 13
Let x(s) be the first derivative of -s**4/4 - 6*s**3 - 8*s**2 - 17*s + 95. List the prime factors of x(-18).
271
Let d be (384 - (-1 + -2))*13. Suppose d = -2*b + 15*b. What are